the prime factors of (37713/(-9) + -2)*(-34 + 25) - 7?
2, 9431
Let y(l) = 168*l + 84. Let c be y(16). Suppose -5*t + 1848 = -3*t + 4*v, 3*t = -2*v + c. What are the prime factors of t?
2, 3, 7, 11
Suppose 21*v = 110 - 26. Suppose 3*p = 3*x + 3720, p + 2*p - v*x = 3719. What are the prime factors of p?
17, 73
Let l = 217 - 62. Let k = l - 66. Let q = k - -1. What are the prime factors of q?
2, 3, 5
Let n be 2/(-90)*-9 + (-188)/(-10). Suppose 6*g + 1781 = n*g. List the prime factors of g.
137
Let s = -799 - -807. Let g be 0 - (3 - (0 + 0)). What are the prime factors of (g - (-1 - s))/(6/116)?
2, 29
Suppose -10*w + 649 = -851 - 940. What are the prime factors of w?
2, 61
Suppose 44*g + 20468 = 51*g. Let r = -1984 + g. What are the prime factors of r?
2, 5, 47
Let d = 641 - 1114. Let a be 24/(1 + (-185)/170). Let n = a - d. What are the prime factors of n?
3, 67
Let c = -11718 - -21095. List the prime factors of c.
9377
Let p(i) = -10*i**2 - 5*i - 10. Let h be p(5). Let d = h + 17. What are the prime factors of (d/14)/(2 + 30/(-14))?
2, 67
Let a = 46 + -47. Let l be (-3)/((15/(-410))/a). Let n = 169 + l. What are the prime factors of n?
3, 29
Suppose -4*r = -47976 + 12788. What are the prime factors of r?
19, 463
What are the prime factors of -4 + (-145)/(-35) + ((-197808)/21)/(-4)?
3, 5, 157
List the prime factors of 2190824/120 - 12/(-90).
18257
Suppose 4*c + z = 14, -4*z + 2 = 10. Suppose -8*n = -c*j - 4*n + 52, -n - 3 = 0. Suppose -5*i + j*i = 245. What are the prime factors of i?
7
What are the prime factors of (-896)/(-1 + (-1 - -8) - 7)?
2, 7
Let l = 109 + 960. Let z = l + -646. Let f = -172 + z. What are the prime factors of f?
251
Suppose 7*p - 28 + 0 = 0. Suppose -p*o = -2*q - 5*o + 176, 0 = -4*q - o + 356. Suppose 6*x + 3*c - 150 = x, -c - q = -3*x. What are the prime factors of x?
2, 3, 5
Suppose 16458 = q - 5*p, 7*p - 6*p = -5*q + 82368. What are the prime factors of q?
3, 17, 19
Let h(u) = 15467*u**3 + 106*u - 106. What are the prime factors of h(1)?
15467
Suppose -168*b - 20196 = -267*b. What are the prime factors of b?
2, 3, 17
Let t = -278 - -351. What are the prime factors of (t/(-3))/(9/(-297))?
11, 73
Let n(y) = y**2 + 11*y + 22. Let i be n(-9). Suppose i*m - 8 = 0, -3*m + 198 = -t + 5. Let v = -125 - t. List the prime factors of v.
2, 31
Let n(a) = a**3 - 116*a**2 + 283*a + 148. What are the prime factors of n(114)?
2, 3209
Let g be 338 + 3 - 0 - -4. Suppose -5*s - g = 160. Let f = -33 - s. What are the prime factors of f?
2, 17
Let y = 4 - 8. Let n be 0*2/y - 115. Let a = n - -175. List the prime factors of a.
2, 3, 5
Suppose -5*q - 559 = -2*l - l, -5*l = -3*q - 905. Suppose -3*z = 2*y + 87, -4*z = -5*y + y - 204. Let k = l + y. List the prime factors of k.
2, 5, 13
Let f be (1088 - 1)/(-17 + 18). Suppose 4*s + 5*b = f, 4*b - 1697 = -4*s - 609. What are the prime factors of s?
3, 7, 13
List the prime factors of 16534/3 + (-2)/((-6)/(-7)).
7, 787
Let m = -5806 + 9891. List the prime factors of m.
5, 19, 43
Let c be 95/15 + (-8)/6. Suppose -j - 6 = 3*o - 63, 5*o - 305 = -c*j. Let l = 88 - j. What are the prime factors of l?
5
Suppose -2*p - 494 = -1192. Let m = 642 - p. Suppose -6*i = -217 - m. List the prime factors of i.
5, 17
Let z = 88 + 326. Suppose 6*y - 7*y = -z. What are the prime factors of y?
2, 3, 23
List the prime factors of (34/187)/(-4*(-5)/660) + 49085.
7, 7013
Let o(j) = -j**3 + 13*j**2 - 38*j + 21. Let h be o(9). Suppose 45*q = -a + 41*q + 1405, -4215 = -3*a - h*q. List the prime factors of a.
5, 281
Let z(q) = q**2 - 6*q - 48. Let s be z(6). Let m = 62 + s. List the prime factors of m.
2, 7
Suppose 5*c = 2*r + 12 + 6, -2*c + 3*r + 5 = 0. Suppose -2*j - c*p + 2522 = 0, -51*p = -3*j - 50*p + 3811. What are the prime factors of j?
3, 47
Let z = -323 - -326. Suppose -2501 - 1780 = -z*t + l, -1427 = -t - 5*l. What are the prime factors of t?
1427
Let l be (4*2*-1)/((-298)/447). List the prime factors of (529/(-2))/((-6)/l).
23
Let w = -46 + 46. What are the prime factors of (-1)/(w + (-1)/343)?
7
Suppose -4*d - 120 = d + 3*v, -3*d - 4*v = 61. Let w = d - -29. Suppose -g + l = -2*g + 126, -w*g + 257 = -3*l. What are the prime factors of g?
127
Let z(r) be the first derivative of 124*r**2 + 155*r + 22. What are the prime factors of z(5)?
3, 5, 31
Let i(s) = 26*s**2 - 18*s - 54. Suppose -10*x = 8*x + 90. List the prime factors of i(x).
2, 7
Let i(r) = 31*r**2 - 32*r - 1560. What are the prime factors of i(-40)?
2, 3, 5, 137
Let s be (124/6)/(1492/(-372) + 4). What are the prime factors of s/(3/(3/(-2)))?
31
Let s(o) = 3471*o - 78. List the prime factors of s(3).
3, 5, 13, 53
Let t = 8180 - 2577. List the prime factors of t.
13, 431
Suppose -4*c - 15 = -23. What are the prime factors of 28/(-112) + (1721/4 - c)?
2, 107
Let b(n) = -14*n - 12. Suppose -4*u + 10*u + 18 = 0. Let d be (u/2 - -1)/((-5)/(-100)). List the prime factors of b(d).
2
Suppose 5*o - 253 + 72 = -2*c, -2*o - 5*c = -85. Let z be (-68)/(-10) - 28/o. List the prime factors of (2 + (2 - z))*37/(-2).
37
Let x be (-13)/(-2) - (-30)/20. Let s be x/(-20) - (-44)/10. Suppose -66 = -s*v + 198. List the prime factors of v.
2, 3, 11
Suppose 0 = -5*a + 7*w - 6*w + 583, -a + 128 = -4*w. Suppose -360*u + a = -356*u. What are the prime factors of u?
29
Suppose -q - 10 = -3*q. Suppose -3*b + 2*v + 2 = 0, 0*b - 4*v = -4*b + 4. Suppose -134 = -2*k + 4*r, q*r + 6 + 9 = b. What are the prime factors of k?
61
Let r(j) = -3*j**3 + 42*j**2 + 69*j + 138. What are the prime factors of r(-17)?
2, 3, 59, 73
Suppose 0 = 3*n + 4*h - 56450, 0 = 6*h - 0 + 24. What are the prime factors of n?
2, 3, 3137
Suppose -150151 - 935727 = -89*g + 924899. List the prime factors of g.
3, 17, 443
Let s(r) be the second derivative of -7/2*r**3 - 3*r + 0 - 9/2*r**2. What are the prime factors of s(-4)?
3, 5
Suppose -c - 56880 - 15986 = -4*z, -10*z = 4*c - 182152. List the prime factors of z.
2, 3, 11, 23
List the prime factors of (-267735)/(-135) + (-2)/9.
3, 661
Suppose -27*a + 94*a - 256409 = 0. List the prime factors of a.
43, 89
Suppose -28*a = -627058 - 283054. What are the prime factors of a?
2, 17, 239
Let c(f) = -59*f**2 + 6*f + f**3 - 9 + 67*f**2 + 2. Let p be c(-5). Suppose -5*b + 116 = -3*r, 4*r + p = -3*b + 5*b. What are the prime factors of b?
5
Suppose -28*g + 75*g - 499950 = -63*g. What are the prime factors of g?
3, 5, 101
Suppose 17*g - 1471 = -18760. Let r = g - -1595. List the prime factors of r.
2, 17
Suppose 1876*z - 1873*z - 3*h = 5247, 4*h + 3500 = 2*z. List the prime factors of z.
2, 19, 23
Let x(a) = 328*a**2 + 16*a - 28. List the prime factors of x(4).
2, 1321
Suppose -245*h + 214*h = -716782. What are the prime factors of h?
2, 11, 1051
Suppose 2*b - 5*n = 66068, -21*n = -4*b - 16*n + 132106. List the prime factors of b.
7, 53, 89
List the prime factors of (34/(-119)*(-14)/(-8))/((-3)/98814).
43, 383
Let d(c) = c**3 + 18*c**2 - 52*c - 125. Suppose 0 = -r - 3*l - 13, 0 = 6*r - r - 5*l + 105. What are the prime factors of d(r)?
2, 251
Let i be 0/48*1/6. Suppose -17 = -d - 18, -2*t + 5*d + 1795 = i. List the prime factors of t.
5, 179
Suppose 2*x = v - 3*v + 46, 3*x - 4*v - 104 = 0. Suppose -588 = 24*r - x*r. Let l = -106 + r. List the prime factors of l.
41
Suppose -5*m + 38*k = 42*k - 87827, 0 = 3*m - 4*k - 52645. What are the prime factors of m?
3, 1951
Let x(m) = 45 + 39*m + 281*m**2 - 35*m - 276*m**2 - 94*m. List the prime factors of x(21).
2, 3, 5
Suppose -2*n = -7*n + r + 20, -2*r = 5*n - 5. Suppose -421*u + 412*u = -27. Suppose 3*w - 177 = u*h, -w + n*h + 15 = -38. What are the prime factors of w?
2, 31
Suppose 7*u - 24*h = 3*u + 120224, -2*u - 2*h = -60238. List the prime factors of u.
2, 5, 3011
Let g = 270 + -204. Suppose -90 = -g*u + 48*u. List the prime factors of u.
5
Suppose 5*o = -0*o + 15. List the prime factors of (o/2)/(0 + 30/25160).
2, 17, 37
Let o = -84 - -87. Let r = -33 + 36. Suppose -5*d + 615 = -o*p, -r*d + 0*d + 375 = -3*p. What are the prime factors of d?
2, 3, 5
Let i = -3184 - -43492. What are the prime factors of i?
2, 3, 3359
Let v be 440/17 + 82/697. Let c = 73 + v. List the prime factors of c.
3, 11
Let f = 100 + -95. Suppose -7*b - f*g + 134 = -4*b, 86 = 2*b + 5*g. What are the prime factors of b?
2, 3
Let z(i) = -477*i + 1433. What 